{"id":862,"date":"2020-12-20T16:20:34","date_gmt":"2020-12-20T15:20:34","guid":{"rendered":"http:\/\/www.pfarrei-elsendorf.de\/content\/?page_id=862"},"modified":"2026-03-28T15:24:19","modified_gmt":"2026-03-28T14:24:19","slug":"willkommen2-2","status":"publish","type":"page","link":"https:\/\/www.pfarrei-elsendorf.de\/content\/","title":{"rendered":"Willkommen"},"content":{"rendered":"<p>&nbsp;<\/p>\r\n\r\n<div class=\"wp-block-group\">\r\n<div class=\"wp-block-group__inner-container is-layout-flow wp-block-group-is-layout-flow\">\r\n<h3 class=\"wp-block-heading\">\u2026 in der Pfarreiengemeinschaft<br \/>\u00a0\u00a0\u00a0\u00a0 Elsendorf, Appersdorf, <strong>Attenhofen, <br \/>Gro\u00dfgundertshausen, P\u00f6tzmes, Volkenschwand und Walkerstshofen<br \/><\/strong><\/h3>\r\n<\/div>\r\n<\/div>\r\n<p>&nbsp;<\/p>\r\n<hr \/>\r\n<p><strong>Wie erreichen Sie die Pfarreien?<\/strong><\/p>\r\n<p><br \/><strong>Pfarramt Attenhofen, Walkertshofen, P\u00f6tzmes &#8211;<\/strong> <br \/>B\u00fcrozeit und Hofladen: <br \/>Mi. 9.00 bis 12.00 Uhr <br \/>Pfarrer-Schmid-Stra\u00dfe 7, <br \/>84091 Attenhofen \u2013 <br \/>08751\/810818 (nur w\u00e4hrend der B\u00fcrozeit) <br \/>Anna Hamme, attenhofen@bistum-regensburg.de <br \/>\u00a0Handy: 0171\/8647513<\/p>\r\n<p><strong>Pfarramt Gro\u00dfgundertshausen und Volkenschwand<\/strong> &#8211; <br \/>B\u00fcrozeit: <br \/>Do. 9.00 bis 12.00 Uhr <br \/>Kirchfeldstr. 2, <br \/>84106 Volkenschwand \u2013 <br \/>Tel. 08754\/9695507, (nur w\u00e4hrend der B\u00fcrozeit) <br \/>Fax. 08754\/9695509 <br \/>Elisabeth Morasch, grossgundertshausen@bistum-regensburg.de, <br \/>privat: 08754\/743, <br \/>Handy: 0151\/22453728 <br \/>Martina Hainzinger, volkenschwand@bistum-regensburg.de <br \/>Handy: 0157\/32070507<\/p>\r\n<hr \/>\r\n<p><strong>Pfarramt Elsendorf und Appersdorf<\/strong> &#8211; <br \/>B\u00fcrozeit: <br \/>Dienstag von 08.30 bis 12.00 Uhr <br \/>Freitag von 15.00 Uhr bis 17.00 Uhr. <br \/>Mainburgerstrasse 1, <br \/>84094 Elsendorf \u2013 <br \/>Tel. 08753\/245 (nur w\u00e4hrend der B\u00fcrozeit) <br \/>Doris Engelhard, elsendorf@bistum-regensburg.de, <br \/>Handy: 0160\/91425250\u00a0<br \/><strong>Intentionsw\u00fcnsche Pfarrei Elsendorf:<\/strong><br \/><a href=\"http:\/\/www.pfarrei-elsendorf.de\/content\/wp-content\/uploads\/2020\/07\/messstipendium_ausfuellen.pdf\" target=\"_blank\" rel=\"noreferrer noopener\">Formular hier von der Webseite<\/a> laden<br \/>Werfen Sie dieses bitte ausgef\u00fcllt in den Briefkasten des Pfarrhofes.<br \/><a href=\"https:\/\/www.pfarrei-elsendorf.de\/content\/wp-content\/uploads\/2025\/07\/KinderundJugendschutzKonzept_Info.pdf\" target=\"_blank\" rel=\"noopener\"><strong>Info zum Fragebogen &#8211; Kinder- und Jugendschutzkonzept<\/strong><\/a><\/p>\r\n\r\n\r\n","protected":false},"excerpt":{"rendered":"<p>&nbsp; \u2026 in der Pfarreiengemeinschaft\u00a0\u00a0\u00a0\u00a0 Elsendorf, Appersdorf, Attenhofen, Gro\u00dfgundertshausen, P\u00f6tzmes, Volkenschwand und Walkerstshofen &nbsp; Wie erreichen Sie die Pfarreien? Pfarramt Attenhofen, Walkertshofen, P\u00f6tzmes &#8211; B\u00fcrozeit und Hofladen: Mi. 9.00 bis 12.00 Uhr Pfarrer-Schmid-Stra\u00dfe 7, 84091 Attenhofen \u2013 08751\/810818 (nur w\u00e4hrend der B\u00fcrozeit) Anna Hamme, attenhofen@bistum-regensburg.de \u00a0Handy: 0171\/8647513 Pfarramt Gro\u00dfgundertshausen und Volkenschwand &#8211; B\u00fcrozeit: Do. 9.00 &hellip; <a href=\"https:\/\/www.pfarrei-elsendorf.de\/content\/\" class=\"more-link\"><span class=\"screen-reader-text\">Willkommen<\/span> weiterlesen <span class=\"meta-nav\">&rarr;<\/span><\/a><\/p>\n","protected":false},"author":1,"featured_media":0,"parent":0,"menu_order":0,"comment_status":"closed","ping_status":"closed","template":"","meta":{"footnotes":""},"class_list":["post-862","page","type-page","status-publish","hentry"],"_links":{"self":[{"href":"https:\/\/www.pfarrei-elsendorf.de\/content\/wp-json\/wp\/v2\/pages\/862","targetHints":{"allow":["GET"]}}],"collection":[{"href":"https:\/\/www.pfarrei-elsendorf.de\/content\/wp-json\/wp\/v2\/pages"}],"about":[{"href":"https:\/\/www.pfarrei-elsendorf.de\/content\/wp-json\/wp\/v2\/types\/page"}],"author":[{"embeddable":true,"href":"https:\/\/www.pfarrei-elsendorf.de\/content\/wp-json\/wp\/v2\/users\/1"}],"replies":[{"embeddable":true,"href":"https:\/\/www.pfarrei-elsendorf.de\/content\/wp-json\/wp\/v2\/comments?post=862"}],"version-history":[{"count":69,"href":"https:\/\/www.pfarrei-elsendorf.de\/content\/wp-json\/wp\/v2\/pages\/862\/revisions"}],"predecessor-version":[{"id":1483,"href":"https:\/\/www.pfarrei-elsendorf.de\/content\/wp-json\/wp\/v2\/pages\/862\/revisions\/1483"}],"wp:attachment":[{"href":"https:\/\/www.pfarrei-elsendorf.de\/content\/wp-json\/wp\/v2\/media?parent=862"}],"curies":[{"name":"wp","href":"https:\/\/api.w.org\/{rel}","templated":true}]}}